{"id":50,"date":"2025-10-08T15:27:53","date_gmt":"2025-10-08T13:27:53","guid":{"rendered":"https:\/\/atelierjuzi.com\/?page_id=50"},"modified":"2025-10-09T21:25:50","modified_gmt":"2025-10-09T19:25:50","slug":"malba-priroda","status":"publish","type":"page","link":"https:\/\/atelierjuzi.com\/?page_id=50","title":{"rendered":"Ma\u013eba &#8211; pr\u00edroda"},"content":{"rendered":"\t\t\t\t\t<div\n\t\t\t\t\t\tclass=\"wp-block-uagb-image-gallery uagb-block-3a07317a     \"\n\t\t\t\t\t\tstyle=\"\"\n\t\t\t\t\t>\n\t\t\t\t\t\t\t\t\t\t\t<div class=\"spectra-image-gallery spectra-image-gallery__layout--grid spectra-image-gallery__layout--grid-col-3 spectra-image-gallery__layout--grid-col-tab-3 spectra-image-gallery__layout--grid-col-mob-2\">\n\t\t\t\t\t\t\t\t\t\t\t<div class='spectra-image-gallery__media-wrapper' data-spectra-gallery-image-id='27' tabindex=\"0\">\n\t\t\t\t\t\t\t<div class=\"spectra-image-gallery__media spectra-image-gallery__media--grid\">\n\t\t\t\t<picture>\n\t\t\t\t\t<source media=\"(min-width: 1024px)\" srcset=\"https:\/\/atelierjuzi.com\/wp-content\/uploads\/2025\/02\/20210616_174808-1024x768.jpg\">\n\t\t\t\t\t<source media=\"(min-width: 768px)\" srcset=\"https:\/\/atelierjuzi.com\/wp-content\/uploads\/2025\/02\/20210616_174808-1024x768.jpg\">\n\t\t\t\t\t<img decoding=\"async\" class=\"spectra-image-gallery__media-thumbnail spectra-image-gallery__media-thumbnail--grid\" src=\"https:\/\/atelierjuzi.com\/wp-content\/uploads\/2025\/02\/20210616_174808-300x225.jpg\" alt=\"\" loading=\"lazy\" \/>\n\t\t\t\t<\/picture>\n\t\t\t\t<div class=\"spectra-image-gallery__media-thumbnail-blurrer\"><\/div>\n\t\t\t\t\t\t\t\t\t\t\t<div class=\"spectra-image-gallery__media-thumbnail-caption-wrapper spectra-image-gallery__media-thumbnail-caption-wrapper--bar-inside\">\n\t\t\t\t\t\t\t\t\t\t\t<div class=\"spectra-image-gallery__media-thumbnail-caption spectra-image-gallery__media-thumbnail-caption--bar-inside\">\n\t\t\t\t\tNo Caption\t\t\t\t<\/div>\n\t\t\t\t\t\t\t\t\t\t<\/div>\n\t\t\t\t\t\t\t\t\t<\/div>\n\t\t\t\t\t\t<\/div>\n\t\t\t\t\t\t<div class='spectra-image-gallery__media-wrapper' data-spectra-gallery-image-id='71' tabindex=\"0\">\n\t\t\t\t\t\t\t<div class=\"spectra-image-gallery__media spectra-image-gallery__media--grid\">\n\t\t\t\t<picture>\n\t\t\t\t\t<source media=\"(min-width: 1024px)\" srcset=\"https:\/\/atelierjuzi.com\/wp-content\/uploads\/2025\/10\/Drei-Majestaten-120-x-90-cm-1024x707.jpg\">\n\t\t\t\t\t<source media=\"(min-width: 768px)\" srcset=\"https:\/\/atelierjuzi.com\/wp-content\/uploads\/2025\/10\/Drei-Majestaten-120-x-90-cm-1024x707.jpg\">\n\t\t\t\t\t<img decoding=\"async\" class=\"spectra-image-gallery__media-thumbnail spectra-image-gallery__media-thumbnail--grid\" src=\"https:\/\/atelierjuzi.com\/wp-content\/uploads\/2025\/10\/Drei-Majestaten-120-x-90-cm-300x207.jpg\" alt=\"\" loading=\"lazy\" \/>\n\t\t\t\t<\/picture>\n\t\t\t\t<div class=\"spectra-image-gallery__media-thumbnail-blurrer\"><\/div>\n\t\t\t\t\t\t\t\t\t\t\t<div class=\"spectra-image-gallery__media-thumbnail-caption-wrapper spectra-image-gallery__media-thumbnail-caption-wrapper--bar-inside\">\n\t\t\t\t\t\t\t\t\t\t\t<div class=\"spectra-image-gallery__media-thumbnail-caption spectra-image-gallery__media-thumbnail-caption--bar-inside\">\n\t\t\t\t\tNo Caption\t\t\t\t<\/div>\n\t\t\t\t\t\t\t\t\t\t<\/div>\n\t\t\t\t\t\t\t\t\t<\/div>\n\t\t\t\t\t\t<\/div>\n\t\t\t\t\t\t<div class='spectra-image-gallery__media-wrapper' data-spectra-gallery-image-id='54' tabindex=\"0\">\n\t\t\t\t\t\t\t<div class=\"spectra-image-gallery__media spectra-image-gallery__media--grid\">\n\t\t\t\t<picture>\n\t\t\t\t\t<source media=\"(min-width: 1024px)\" srcset=\"https:\/\/atelierjuzi.com\/wp-content\/uploads\/2025\/10\/Flieder-Nr.-3100-100-x-100-cm-1024x965.jpg\">\n\t\t\t\t\t<source media=\"(min-width: 768px)\" srcset=\"https:\/\/atelierjuzi.com\/wp-content\/uploads\/2025\/10\/Flieder-Nr.-3100-100-x-100-cm-1024x965.jpg\">\n\t\t\t\t\t<img decoding=\"async\" class=\"spectra-image-gallery__media-thumbnail spectra-image-gallery__media-thumbnail--grid\" src=\"https:\/\/atelierjuzi.com\/wp-content\/uploads\/2025\/10\/Flieder-Nr.-3100-100-x-100-cm-300x283.jpg\" alt=\"\" loading=\"lazy\" \/>\n\t\t\t\t<\/picture>\n\t\t\t\t<div class=\"spectra-image-gallery__media-thumbnail-blurrer\"><\/div>\n\t\t\t\t\t\t\t\t\t\t\t<div class=\"spectra-image-gallery__media-thumbnail-caption-wrapper spectra-image-gallery__media-thumbnail-caption-wrapper--bar-inside\">\n\t\t\t\t\t\t\t\t\t\t\t<div class=\"spectra-image-gallery__media-thumbnail-caption spectra-image-gallery__media-thumbnail-caption--bar-inside\">\n\t\t\t\t\tNo Caption\t\t\t\t<\/div>\n\t\t\t\t\t\t\t\t\t\t<\/div>\n\t\t\t\t\t\t\t\t\t<\/div>\n\t\t\t\t\t\t<\/div>\n\t\t\t\t\t\t\t\t\t\t<\/div>\n\t\t\t\t\t\t\t\t\t\t\t\t\t\t\t\t\t\t<\/div>\n\t\t\t\t\t\t\t\t\t\t\t<div class='spectra-image-gallery__control-lightbox' tabindex='0'>\n\t\t\t\t\t\t\t\t\t\t\t<div class=\"swiper spectra-image-gallery__control-lightbox--main\" dir=\"\">\n\t\t\t\t\t<div class=\"swiper-wrapper\">\n\t\t\t\t\t\t\t\t\t\t\t\t\t\n\t\t\t\t\t\t\t<div class=\"swiper-slide\">\n\t\t\t\t\t\t\t\t<img class=\"swiper-lazy\" data-src=\"https:\/\/atelierjuzi.com\/wp-content\/uploads\/2025\/02\/20210616_174808-scaled.jpg\" alt=\"\"\/>\n\t\t\t\t\t\t\t\t<div class=\"swiper-lazy-preloader swiper-lazy-preloader-white\"><\/div>\n\t\t\t\t\t\t\t\t\t\t\t\t\t\t\t<\/div>\n\t\t\t\t\t\t\t\t\t\t\t\t\t\n\t\t\t\t\t\t\t<div class=\"swiper-slide\">\n\t\t\t\t\t\t\t\t<img class=\"swiper-lazy\" data-src=\"https:\/\/atelierjuzi.com\/wp-content\/uploads\/2025\/10\/Drei-Majestaten-120-x-90-cm.jpg\" alt=\"\"\/>\n\t\t\t\t\t\t\t\t<div class=\"swiper-lazy-preloader swiper-lazy-preloader-white\"><\/div>\n\t\t\t\t\t\t\t\t\t\t\t\t\t\t\t<\/div>\n\t\t\t\t\t\t\t\t\t\t\t\t\t\n\t\t\t\t\t\t\t<div class=\"swiper-slide\">\n\t\t\t\t\t\t\t\t<img class=\"swiper-lazy\" data-src=\"https:\/\/atelierjuzi.com\/wp-content\/uploads\/2025\/10\/Flieder-Nr.-3100-100-x-100-cm.jpg\" alt=\"\"\/>\n\t\t\t\t\t\t\t\t<div class=\"swiper-lazy-preloader swiper-lazy-preloader-white\"><\/div>\n\t\t\t\t\t\t\t\t\t\t\t\t\t\t\t<\/div>\n\t\t\t\t\t\t\t\t\t\t\t<\/div>\n\t\t\t\t\t<div class=\"swiper-button-next\"><\/div>\n\t\t\t\t\t<div class=\"swiper-button-prev\"><\/div>\n\t\t\t\t<\/div>\t\t\t\n\t\t\t\t\t\t\t\t\t\t\t\t\t\t\t\t\t\t\t\t\t\t\t\t\t\t\t\t\t\t\t\t<button class='spectra-image-gallery__control-lightbox--close' aria-label=\"Close\">\n\t\t\t\t\t\t\t\t\t\t\t\t\t<svg xmlns=\"https:\/\/www.w3.org\/2000\/svg\" viewBox= \"0 0 320 512\"><path d=\"M310.6 361.4c12.5 12.5 12.5 32.75 0 45.25C304.4 412.9 296.2 416 288 416s-16.38-3.125-22.62-9.375L160 301.3L54.63 406.6C48.38 412.9 40.19 416 32 416S15.63 412.9 9.375 406.6c-12.5-12.5-12.5-32.75 0-45.25l105.4-105.4L9.375 150.6c-12.5-12.5-12.5-32.75 0-45.25s32.75-12.5 45.25 0L160 210.8l105.4-105.4c12.5-12.5 32.75-12.5 45.25 0s12.5 32.75 0 45.25l-105.4 105.4L310.6 361.4z\"><\/path><\/svg>\n\t\t\t\t\t\t\t\t\t\t\t\t<\/button>\n\t\t\t\t\t\t\t\t\t\t\t\t\t<\/div>\n\t\t\t\t\t\t\t\t\t\n\n\n<p><\/p>\n\n\n\n<div class=\"wp-block-uagb-image uagb-block-d9c8ec4a wp-block-uagb-image--layout-default wp-block-uagb-image--effect-static wp-block-uagb-image--align-none\"><figure class=\"wp-block-uagb-image__figure\"><\/figure><\/div>\n\n\n\n<div class=\"wp-block-uagb-container uagb-block-41f872ca alignfull uagb-is-root-container\"><div class=\"uagb-container-inner-blocks-wrap\">\n<div class=\"wp-block-uagb-container uagb-block-0e091ca5\">\n<figure class=\"wp-block-image size-large\"><img loading=\"lazy\" decoding=\"async\" width=\"768\" height=\"1024\" src=\"https:\/\/atelierjuzi.com\/wp-content\/uploads\/2025\/10\/IMG_20240627_104757-768x1024.jpg\" alt=\"\" class=\"wp-image-74\" srcset=\"https:\/\/atelierjuzi.com\/wp-content\/uploads\/2025\/10\/IMG_20240627_104757-768x1024.jpg 768w, https:\/\/atelierjuzi.com\/wp-content\/uploads\/2025\/10\/IMG_20240627_104757-225x300.jpg 225w, https:\/\/atelierjuzi.com\/wp-content\/uploads\/2025\/10\/IMG_20240627_104757-1152x1536.jpg 1152w, https:\/\/atelierjuzi.com\/wp-content\/uploads\/2025\/10\/IMG_20240627_104757-1536x2048.jpg 1536w, https:\/\/atelierjuzi.com\/wp-content\/uploads\/2025\/10\/IMG_20240627_104757.jpg 1920w\" sizes=\"auto, (max-width: 768px) 100vw, 768px\" \/><\/figure>\n\n\n\n<p>malna<\/p>\n<\/div>\n\n\n\n<div class=\"wp-block-uagb-container uagb-block-4cc986da\">\n<figure class=\"wp-block-image size-large\"><img loading=\"lazy\" decoding=\"async\" width=\"1024\" height=\"768\" src=\"https:\/\/atelierjuzi.com\/wp-content\/uploads\/2025\/10\/IMG_20240627_104747-1024x768.jpg\" alt=\"\" class=\"wp-image-98\" srcset=\"https:\/\/atelierjuzi.com\/wp-content\/uploads\/2025\/10\/IMG_20240627_104747-1024x768.jpg 1024w, https:\/\/atelierjuzi.com\/wp-content\/uploads\/2025\/10\/IMG_20240627_104747-300x225.jpg 300w, https:\/\/atelierjuzi.com\/wp-content\/uploads\/2025\/10\/IMG_20240627_104747-768x576.jpg 768w, https:\/\/atelierjuzi.com\/wp-content\/uploads\/2025\/10\/IMG_20240627_104747-1536x1152.jpg 1536w, https:\/\/atelierjuzi.com\/wp-content\/uploads\/2025\/10\/IMG_20240627_104747-2048x1536.jpg 2048w\" sizes=\"auto, (max-width: 1024px) 100vw, 1024px\" \/><\/figure>\n\n\n\n<p>nove<\/p>\n<\/div>\n\n\n\n<div class=\"wp-block-uagb-container uagb-block-9aa4df06\">\n<figure class=\"wp-block-image size-large\"><img loading=\"lazy\" decoding=\"async\" width=\"1024\" height=\"707\" src=\"https:\/\/atelierjuzi.com\/wp-content\/uploads\/2025\/10\/Drei-Majestaten-120-x-90-cm-1024x707.jpg\" alt=\"\" class=\"wp-image-71\" srcset=\"https:\/\/atelierjuzi.com\/wp-content\/uploads\/2025\/10\/Drei-Majestaten-120-x-90-cm-1024x707.jpg 1024w, https:\/\/atelierjuzi.com\/wp-content\/uploads\/2025\/10\/Drei-Majestaten-120-x-90-cm-300x207.jpg 300w, https:\/\/atelierjuzi.com\/wp-content\/uploads\/2025\/10\/Drei-Majestaten-120-x-90-cm-768x530.jpg 768w, https:\/\/atelierjuzi.com\/wp-content\/uploads\/2025\/10\/Drei-Majestaten-120-x-90-cm-1536x1061.jpg 1536w, https:\/\/atelierjuzi.com\/wp-content\/uploads\/2025\/10\/Drei-Majestaten-120-x-90-cm.jpg 1913w\" sizes=\"auto, (max-width: 1024px) 100vw, 1024px\" \/><figcaption class=\"wp-element-caption\">hory 50 cnm x<\/figcaption><\/figure>\n<\/div>\n\n\n\n<div class=\"wp-block-uagb-container uagb-block-8cc9f428\">\n<figure class=\"wp-block-image size-full\"><img loading=\"lazy\" decoding=\"async\" width=\"531\" height=\"703\" src=\"https:\/\/atelierjuzi.com\/wp-content\/uploads\/2025\/10\/Blau-fliegt-72.jpg\" alt=\"\" class=\"wp-image-55\" srcset=\"https:\/\/atelierjuzi.com\/wp-content\/uploads\/2025\/10\/Blau-fliegt-72.jpg 531w, https:\/\/atelierjuzi.com\/wp-content\/uploads\/2025\/10\/Blau-fliegt-72-227x300.jpg 227w\" sizes=\"auto, (max-width: 531px) 100vw, 531px\" \/><\/figure>\n<\/div>\n\n\n\n<div class=\"wp-block-uagb-container uagb-block-63eccab0\">\n<figure class=\"wp-block-gallery has-nested-images columns-default is-cropped wp-block-gallery-1 is-layout-flex wp-block-gallery-is-layout-flex\">\n<figure class=\"wp-block-image size-large\"><img loading=\"lazy\" decoding=\"async\" width=\"566\" height=\"944\" src=\"https:\/\/atelierjuzi.com\/wp-content\/uploads\/2025\/10\/Erste-Schritte-50-x-30-cm-Acryl-auf-Leinwand-2007.jpg\" alt=\"\" class=\"wp-image-60\" srcset=\"https:\/\/atelierjuzi.com\/wp-content\/uploads\/2025\/10\/Erste-Schritte-50-x-30-cm-Acryl-auf-Leinwand-2007.jpg 566w, https:\/\/atelierjuzi.com\/wp-content\/uploads\/2025\/10\/Erste-Schritte-50-x-30-cm-Acryl-auf-Leinwand-2007-180x300.jpg 180w\" sizes=\"auto, (max-width: 566px) 100vw, 566px\" \/><\/figure>\n<\/figure>\n<\/div>\n\n\n\n<div class=\"wp-block-uagb-container uagb-block-db00e2d9\"><\/div>\n\n\n<\/div><\/div>\n\n\n","protected":false},"excerpt":{"rendered":"<p>malna nove<\/p>\n","protected":false},"author":1,"featured_media":0,"parent":0,"menu_order":0,"comment_status":"closed","ping_status":"closed","template":"","meta":{"_uag_custom_page_level_css":"","_monsterinsights_skip_tracking":false,"_monsterinsights_sitenote_active":false,"_monsterinsights_sitenote_note":"","_monsterinsights_sitenote_category":0,"site-sidebar-layout":"default","site-content-layout":"","ast-site-content-layout":"","site-content-style":"default","site-sidebar-style":"default","ast-global-header-display":"","ast-banner-title-visibility":"","ast-main-header-display":"","ast-hfb-above-header-display":"","ast-hfb-below-header-display":"","ast-hfb-mobile-header-display":"","site-post-title":"","ast-breadcrumbs-content":"","ast-featured-img":"","footer-sml-layout":"","theme-transparent-header-meta":"","adv-header-id-meta":"","stick-header-meta":"","header-above-stick-meta":"","header-main-stick-meta":"","header-below-stick-meta":"","astra-migrate-meta-layouts":"default","ast-page-background-enabled":"default","ast-page-background-meta":{"desktop":{"background-color":"var(--ast-global-color-5)","background-image":"","background-repeat":"repeat","background-position":"center center","background-size":"auto","background-attachment":"scroll","background-type":"","background-media":"","overlay-type":"","overlay-color":"","overlay-opacity":"","overlay-gradient":""},"tablet":{"background-color":"","background-image":"","background-repeat":"repeat","background-position":"center center","background-size":"auto","background-attachment":"scroll","background-type":"","background-media":"","overlay-type":"","overlay-color":"","overlay-opacity":"","overlay-gradient":""},"mobile":{"background-color":"","background-image":"","background-repeat":"repeat","background-position":"center center","background-size":"auto","background-attachment":"scroll","background-type":"","background-media":"","overlay-type":"","overlay-color":"","overlay-opacity":"","overlay-gradient":""}},"ast-content-background-meta":{"desktop":{"background-color":"var(--ast-global-color-4)","background-image":"","background-repeat":"repeat","background-position":"center center","background-size":"auto","background-attachment":"scroll","background-type":"","background-media":"","overlay-type":"","overlay-color":"","overlay-opacity":"","overlay-gradient":""},"tablet":{"background-color":"var(--ast-global-color-4)","background-image":"","background-repeat":"repeat","background-position":"center center","background-size":"auto","background-attachment":"scroll","background-type":"","background-media":"","overlay-type":"","overlay-color":"","overlay-opacity":"","overlay-gradient":""},"mobile":{"background-color":"var(--ast-global-color-4)","background-image":"","background-repeat":"repeat","background-position":"center center","background-size":"auto","background-attachment":"scroll","background-type":"","background-media":"","overlay-type":"","overlay-color":"","overlay-opacity":"","overlay-gradient":""}},"footnotes":""},"class_list":["post-50","page","type-page","status-publish","hentry"],"yoast_head":"<!-- This site is optimized with the Yoast SEO plugin v24.6 - https:\/\/yoast.com\/wordpress\/plugins\/seo\/ -->\n<title>Ma\u013eba - pr\u00edroda - atelierjuzi.com<\/title>\n<meta name=\"robots\" content=\"index, follow, max-snippet:-1, max-image-preview:large, max-video-preview:-1\" \/>\n<link rel=\"canonical\" href=\"https:\/\/atelierjuzi.com\/?page_id=50\" \/>\n<meta property=\"og:locale\" content=\"sk_SK\" \/>\n<meta property=\"og:type\" content=\"article\" \/>\n<meta property=\"og:title\" content=\"Ma\u013eba - pr\u00edroda - atelierjuzi.com\" \/>\n<meta property=\"og:description\" content=\"malna nove\" \/>\n<meta property=\"og:url\" content=\"https:\/\/atelierjuzi.com\/?page_id=50\" \/>\n<meta property=\"og:site_name\" content=\"atelierjuzi.com\" \/>\n<meta property=\"article:modified_time\" content=\"2025-10-09T19:25:50+00:00\" \/>\n<meta property=\"og:image\" content=\"https:\/\/atelierjuzi.com\/wp-content\/uploads\/2025\/10\/IMG_20240627_104757-768x1024.jpg\" \/>\n<meta name=\"twitter:card\" content=\"summary_large_image\" \/>\n<meta name=\"twitter:label1\" content=\"Predpokladan\u00fd \u010das \u010d\u00edtania\" \/>\n\t<meta name=\"twitter:data1\" content=\"2 min\u00faty\" \/>\n<script type=\"application\/ld+json\" class=\"yoast-schema-graph\">{\"@context\":\"https:\/\/schema.org\",\"@graph\":[{\"@type\":\"WebPage\",\"@id\":\"https:\/\/atelierjuzi.com\/?page_id=50\",\"url\":\"https:\/\/atelierjuzi.com\/?page_id=50\",\"name\":\"Ma\u013eba - pr\u00edroda - atelierjuzi.com\",\"isPartOf\":{\"@id\":\"https:\/\/atelierjuzi.com\/#website\"},\"primaryImageOfPage\":{\"@id\":\"https:\/\/atelierjuzi.com\/?page_id=50#primaryimage\"},\"image\":{\"@id\":\"https:\/\/atelierjuzi.com\/?page_id=50#primaryimage\"},\"thumbnailUrl\":\"https:\/\/atelierjuzi.com\/wp-content\/uploads\/2025\/10\/IMG_20240627_104757-768x1024.jpg\",\"datePublished\":\"2025-10-08T13:27:53+00:00\",\"dateModified\":\"2025-10-09T19:25:50+00:00\",\"breadcrumb\":{\"@id\":\"https:\/\/atelierjuzi.com\/?page_id=50#breadcrumb\"},\"inLanguage\":\"sk-SK\",\"potentialAction\":[{\"@type\":\"ReadAction\",\"target\":[\"https:\/\/atelierjuzi.com\/?page_id=50\"]}]},{\"@type\":\"ImageObject\",\"inLanguage\":\"sk-SK\",\"@id\":\"https:\/\/atelierjuzi.com\/?page_id=50#primaryimage\",\"url\":\"https:\/\/atelierjuzi.com\/wp-content\/uploads\/2025\/10\/IMG_20240627_104757.jpg\",\"contentUrl\":\"https:\/\/atelierjuzi.com\/wp-content\/uploads\/2025\/10\/IMG_20240627_104757.jpg\",\"width\":1920,\"height\":2560},{\"@type\":\"BreadcrumbList\",\"@id\":\"https:\/\/atelierjuzi.com\/?page_id=50#breadcrumb\",\"itemListElement\":[{\"@type\":\"ListItem\",\"position\":1,\"name\":\"Home\",\"item\":\"https:\/\/atelierjuzi.com\/\"},{\"@type\":\"ListItem\",\"position\":2,\"name\":\"Ma\u013eba &#8211; pr\u00edroda\"}]},{\"@type\":\"WebSite\",\"@id\":\"https:\/\/atelierjuzi.com\/#website\",\"url\":\"https:\/\/atelierjuzi.com\/\",\"name\":\"atelierjuzi.com\",\"description\":\"\",\"publisher\":{\"@id\":\"https:\/\/atelierjuzi.com\/#organization\"},\"potentialAction\":[{\"@type\":\"SearchAction\",\"target\":{\"@type\":\"EntryPoint\",\"urlTemplate\":\"https:\/\/atelierjuzi.com\/?s={search_term_string}\"},\"query-input\":{\"@type\":\"PropertyValueSpecification\",\"valueRequired\":true,\"valueName\":\"search_term_string\"}}],\"inLanguage\":\"sk-SK\"},{\"@type\":\"Organization\",\"@id\":\"https:\/\/atelierjuzi.com\/#organization\",\"name\":\"atelierjuzi.com\",\"url\":\"https:\/\/atelierjuzi.com\/\",\"logo\":{\"@type\":\"ImageObject\",\"inLanguage\":\"sk-SK\",\"@id\":\"https:\/\/atelierjuzi.com\/#\/schema\/logo\/image\/\",\"url\":\"https:\/\/atelierjuzi.com\/wp-content\/uploads\/2025\/02\/logo-1.png\",\"contentUrl\":\"https:\/\/atelierjuzi.com\/wp-content\/uploads\/2025\/02\/logo-1.png\",\"width\":156,\"height\":40,\"caption\":\"atelierjuzi.com\"},\"image\":{\"@id\":\"https:\/\/atelierjuzi.com\/#\/schema\/logo\/image\/\"}}]}<\/script>\n<!-- \/ Yoast SEO plugin. -->","yoast_head_json":{"title":"Ma\u013eba - pr\u00edroda - atelierjuzi.com","robots":{"index":"index","follow":"follow","max-snippet":"max-snippet:-1","max-image-preview":"max-image-preview:large","max-video-preview":"max-video-preview:-1"},"canonical":"https:\/\/atelierjuzi.com\/?page_id=50","og_locale":"sk_SK","og_type":"article","og_title":"Ma\u013eba - pr\u00edroda - atelierjuzi.com","og_description":"malna nove","og_url":"https:\/\/atelierjuzi.com\/?page_id=50","og_site_name":"atelierjuzi.com","article_modified_time":"2025-10-09T19:25:50+00:00","og_image":[{"url":"https:\/\/atelierjuzi.com\/wp-content\/uploads\/2025\/10\/IMG_20240627_104757-768x1024.jpg","type":"","width":"","height":""}],"twitter_card":"summary_large_image","twitter_misc":{"Predpokladan\u00fd \u010das \u010d\u00edtania":"2 min\u00faty"},"schema":{"@context":"https:\/\/schema.org","@graph":[{"@type":"WebPage","@id":"https:\/\/atelierjuzi.com\/?page_id=50","url":"https:\/\/atelierjuzi.com\/?page_id=50","name":"Ma\u013eba - pr\u00edroda - atelierjuzi.com","isPartOf":{"@id":"https:\/\/atelierjuzi.com\/#website"},"primaryImageOfPage":{"@id":"https:\/\/atelierjuzi.com\/?page_id=50#primaryimage"},"image":{"@id":"https:\/\/atelierjuzi.com\/?page_id=50#primaryimage"},"thumbnailUrl":"https:\/\/atelierjuzi.com\/wp-content\/uploads\/2025\/10\/IMG_20240627_104757-768x1024.jpg","datePublished":"2025-10-08T13:27:53+00:00","dateModified":"2025-10-09T19:25:50+00:00","breadcrumb":{"@id":"https:\/\/atelierjuzi.com\/?page_id=50#breadcrumb"},"inLanguage":"sk-SK","potentialAction":[{"@type":"ReadAction","target":["https:\/\/atelierjuzi.com\/?page_id=50"]}]},{"@type":"ImageObject","inLanguage":"sk-SK","@id":"https:\/\/atelierjuzi.com\/?page_id=50#primaryimage","url":"https:\/\/atelierjuzi.com\/wp-content\/uploads\/2025\/10\/IMG_20240627_104757.jpg","contentUrl":"https:\/\/atelierjuzi.com\/wp-content\/uploads\/2025\/10\/IMG_20240627_104757.jpg","width":1920,"height":2560},{"@type":"BreadcrumbList","@id":"https:\/\/atelierjuzi.com\/?page_id=50#breadcrumb","itemListElement":[{"@type":"ListItem","position":1,"name":"Home","item":"https:\/\/atelierjuzi.com\/"},{"@type":"ListItem","position":2,"name":"Ma\u013eba &#8211; pr\u00edroda"}]},{"@type":"WebSite","@id":"https:\/\/atelierjuzi.com\/#website","url":"https:\/\/atelierjuzi.com\/","name":"atelierjuzi.com","description":"","publisher":{"@id":"https:\/\/atelierjuzi.com\/#organization"},"potentialAction":[{"@type":"SearchAction","target":{"@type":"EntryPoint","urlTemplate":"https:\/\/atelierjuzi.com\/?s={search_term_string}"},"query-input":{"@type":"PropertyValueSpecification","valueRequired":true,"valueName":"search_term_string"}}],"inLanguage":"sk-SK"},{"@type":"Organization","@id":"https:\/\/atelierjuzi.com\/#organization","name":"atelierjuzi.com","url":"https:\/\/atelierjuzi.com\/","logo":{"@type":"ImageObject","inLanguage":"sk-SK","@id":"https:\/\/atelierjuzi.com\/#\/schema\/logo\/image\/","url":"https:\/\/atelierjuzi.com\/wp-content\/uploads\/2025\/02\/logo-1.png","contentUrl":"https:\/\/atelierjuzi.com\/wp-content\/uploads\/2025\/02\/logo-1.png","width":156,"height":40,"caption":"atelierjuzi.com"},"image":{"@id":"https:\/\/atelierjuzi.com\/#\/schema\/logo\/image\/"}}]}},"uagb_featured_image_src":{"full":false,"thumbnail":false,"medium":false,"medium_large":false,"large":false,"1536x1536":false,"2048x2048":false},"uagb_author_info":{"display_name":"tuorol","author_link":"https:\/\/atelierjuzi.com\/?author=1"},"uagb_comment_info":0,"uagb_excerpt":"malna nove","_links":{"self":[{"href":"https:\/\/atelierjuzi.com\/index.php?rest_route=\/wp\/v2\/pages\/50","targetHints":{"allow":["GET"]}}],"collection":[{"href":"https:\/\/atelierjuzi.com\/index.php?rest_route=\/wp\/v2\/pages"}],"about":[{"href":"https:\/\/atelierjuzi.com\/index.php?rest_route=\/wp\/v2\/types\/page"}],"author":[{"embeddable":true,"href":"https:\/\/atelierjuzi.com\/index.php?rest_route=\/wp\/v2\/users\/1"}],"replies":[{"embeddable":true,"href":"https:\/\/atelierjuzi.com\/index.php?rest_route=%2Fwp%2Fv2%2Fcomments&post=50"}],"version-history":[{"count":5,"href":"https:\/\/atelierjuzi.com\/index.php?rest_route=\/wp\/v2\/pages\/50\/revisions"}],"predecessor-version":[{"id":117,"href":"https:\/\/atelierjuzi.com\/index.php?rest_route=\/wp\/v2\/pages\/50\/revisions\/117"}],"wp:attachment":[{"href":"https:\/\/atelierjuzi.com\/index.php?rest_route=%2Fwp%2Fv2%2Fmedia&parent=50"}],"curies":[{"name":"wp","href":"https:\/\/api.w.org\/{rel}","templated":true}]}}